{"id":95,"date":"2019-04-02T11:23:53","date_gmt":"2019-04-02T11:23:53","guid":{"rendered":"http:\/\/keskintente.com\/?page_id=95"},"modified":"2019-05-22T15:40:36","modified_gmt":"2019-05-22T15:40:36","slug":"rayli-pergola-sistemleri","status":"publish","type":"page","link":"https:\/\/keskintente.com\/?page_id=95","title":{"rendered":"Rayl\u0131 Pergola Sistemleri"},"content":{"rendered":"<div class=\"wpb-content-wrapper\"><p>[vc_row][vc_column width=&#8221;1\/2&#8243;][vc_gallery interval=&#8221;3&#8243; images=&#8221;1776,1775,1774,1773,96,98,1862,1864,1865,1866&#8243; img_size=&#8221;large&#8221;][\/vc_column][vc_column width=&#8221;1\/2&#8243;][vc_column_text]<\/p>\n<ul>\n<li>Tamam\u0131 al\u00fcminyum ekstr\u00fczyon profillerden<\/li>\n<li>Sessiz olmas\u0131 i\u00e7in tekerlek ve di\u011fer mekanik par\u00e7alar dayan\u0131kl\u0131 pvc hammaddeden imal edilmi\u015ftir.<\/li>\n<li>\u0130thal Blackout yanmaz, su ge\u00e7irmez pvc kuma\u015f kullan\u0131lmaktad\u0131r.<\/li>\n<li>Otomasyonunda Alman Becker motor ve aksesuarlar\u0131 kullan\u0131lmaktad\u0131r.<\/li>\n<li>Ya\u011fmur kanallar\u0131 ve deresi ile ya\u011fmur suyunu s\u0131zd\u0131rmadan tahliye eder.<\/li>\n<li>Her t\u00fcrl\u00fc hava \u015fartlar\u0131na uygun<\/li>\n<li>Cam kaplama veya etraf\u0131na do\u011frama yap\u0131m\u0131na uygun olan al\u00fcminyum ta\u015f\u0131y\u0131c\u0131 profillerden olu\u015fmaktad\u0131r bu sayede istenildi\u011fi takdirde etraf\u0131 kolayca kapat\u0131labilir.<\/li>\n<li>T\u00fcm fonksiyonlar\u0131 uzaktan kumanda ile kontrol edilebilmektedir.<\/li>\n<li>Kumanda yard\u0131m\u0131 ile tenteyi ve \u0131\u015f\u0131klar\u0131n\u0131 a\u00e7\u0131p kapamak ve havaland\u0131rma fonksiyonlar\u0131n\u0131 yapmak m\u00fcmk\u00fcnd\u00fcr.<\/li>\n<\/ul>\n<p>[\/vc_column_text][\/vc_column][\/vc_row]<\/p>\n<\/div>","protected":false},"excerpt":{"rendered":"<p>[vc_row][vc_column width=&#8221;1\/2&#8243;][vc_gallery interval=&#8221;3&#8243; images=&#8221;1776,1775,1774,1773,96,98,1862,1864,1865,1866&#8243; img_size=&#8221;large&#8221;][\/vc_column][vc_column width=&#8221;1\/2&#8243;][vc_column_text] Tamam\u0131 al\u00fcminyum ekstr\u00fczyon profillerden Sessiz olmas\u0131 i\u00e7in tekerlek ve di\u011fer mekanik par\u00e7alar dayan\u0131kl\u0131 pvc<\/p>\n","protected":false},"author":3,"featured_media":96,"parent":0,"menu_order":0,"comment_status":"closed","ping_status":"closed","template":"","meta":{"footnotes":""},"class_list":["post-95","page","type-page","status-publish","has-post-thumbnail","hentry"],"_links":{"self":[{"href":"https:\/\/keskintente.com\/index.php?rest_route=\/wp\/v2\/pages\/95","targetHints":{"allow":["GET"]}}],"collection":[{"href":"https:\/\/keskintente.com\/index.php?rest_route=\/wp\/v2\/pages"}],"about":[{"href":"https:\/\/keskintente.com\/index.php?rest_route=\/wp\/v2\/types\/page"}],"author":[{"embeddable":true,"href":"https:\/\/keskintente.com\/index.php?rest_route=\/wp\/v2\/users\/3"}],"replies":[{"embeddable":true,"href":"https:\/\/keskintente.com\/index.php?rest_route=%2Fwp%2Fv2%2Fcomments&post=95"}],"version-history":[{"count":6,"href":"https:\/\/keskintente.com\/index.php?rest_route=\/wp\/v2\/pages\/95\/revisions"}],"predecessor-version":[{"id":1867,"href":"https:\/\/keskintente.com\/index.php?rest_route=\/wp\/v2\/pages\/95\/revisions\/1867"}],"wp:featuredmedia":[{"embeddable":true,"href":"https:\/\/keskintente.com\/index.php?rest_route=\/wp\/v2\/media\/96"}],"wp:attachment":[{"href":"https:\/\/keskintente.com\/index.php?rest_route=%2Fwp%2Fv2%2Fmedia&parent=95"}],"curies":[{"name":"wp","href":"https:\/\/api.w.org\/{rel}","templated":true}]}}