{"id":1855,"date":"2019-05-22T15:02:11","date_gmt":"2019-05-22T15:02:11","guid":{"rendered":"https:\/\/keskintente.com\/?page_id=1855"},"modified":"2020-04-27T14:06:55","modified_gmt":"2020-04-27T14:06:55","slug":"sasirtmali-pergola","status":"publish","type":"page","link":"https:\/\/keskintente.com\/?page_id=1855","title":{"rendered":"\u015ea\u015f\u0131rtmal\u0131 Pergola"},"content":{"rendered":"<div class=\"wpb-content-wrapper\"><p>[vc_row][vc_column width=&#8221;1\/2&#8243;][vc_gallery interval=&#8221;3&#8243; images=&#8221;1790,1792,1795,1794,1793,1782,1781,1777,1756,1763,1762,1761,1668,2053,2054,2055&#8243; img_size=&#8221;large&#8221;][\/vc_column][vc_column width=&#8221;1\/2&#8243;][vc_column_text]<\/p>\n<h3><strong>Referanslar<\/strong><\/h3>\n<ul>\n<li>Ezi\u00e7<\/li>\n<li>Cafe&#8217;s Cafe Restaurant<\/li>\n<li>Oscar Group<\/li>\n<li>Rivver Side Hotel<\/li>\n<li>Nuhun Gemisi Hotel<\/li>\n<li>Korenium Golf Hotel<\/li>\n<li>Temel Reis Restorant<\/li>\n<li>Ice Bowling<\/li>\n<\/ul>\n<p>[\/vc_column_text][\/vc_column][\/vc_row]<\/p>\n<\/div>","protected":false},"excerpt":{"rendered":"<p>[vc_row][vc_column width=&#8221;1\/2&#8243;][vc_gallery interval=&#8221;3&#8243; images=&#8221;1790,1792,1795,1794,1793,1782,1781,1777,1756,1763,1762,1761,1668,2053,2054,2055&#8243; img_size=&#8221;large&#8221;][\/vc_column][vc_column width=&#8221;1\/2&#8243;][vc_column_text] Referanslar Ezi\u00e7 Cafe&#8217;s Cafe Restaurant Oscar Group Rivver Side Hotel Nuhun Gemisi Hotel Korenium<\/p>\n","protected":false},"author":3,"featured_media":0,"parent":0,"menu_order":0,"comment_status":"closed","ping_status":"closed","template":"","meta":{"footnotes":""},"class_list":["post-1855","page","type-page","status-publish","hentry"],"_links":{"self":[{"href":"https:\/\/keskintente.com\/index.php?rest_route=\/wp\/v2\/pages\/1855","targetHints":{"allow":["GET"]}}],"collection":[{"href":"https:\/\/keskintente.com\/index.php?rest_route=\/wp\/v2\/pages"}],"about":[{"href":"https:\/\/keskintente.com\/index.php?rest_route=\/wp\/v2\/types\/page"}],"author":[{"embeddable":true,"href":"https:\/\/keskintente.com\/index.php?rest_route=\/wp\/v2\/users\/3"}],"replies":[{"embeddable":true,"href":"https:\/\/keskintente.com\/index.php?rest_route=%2Fwp%2Fv2%2Fcomments&post=1855"}],"version-history":[{"count":3,"href":"https:\/\/keskintente.com\/index.php?rest_route=\/wp\/v2\/pages\/1855\/revisions"}],"predecessor-version":[{"id":2056,"href":"https:\/\/keskintente.com\/index.php?rest_route=\/wp\/v2\/pages\/1855\/revisions\/2056"}],"wp:attachment":[{"href":"https:\/\/keskintente.com\/index.php?rest_route=%2Fwp%2Fv2%2Fmedia&parent=1855"}],"curies":[{"name":"wp","href":"https:\/\/api.w.org\/{rel}","templated":true}]}}