{"id":122,"date":"2019-04-02T11:35:58","date_gmt":"2019-04-02T11:35:58","guid":{"rendered":"http:\/\/keskintente.com\/?page_id=122"},"modified":"2020-04-24T16:46:40","modified_gmt":"2020-04-24T16:46:40","slug":"kis-bahcesi","status":"publish","type":"page","link":"https:\/\/keskintente.com\/?page_id=122","title":{"rendered":"K\u0131\u015f Bah\u00e7esi"},"content":{"rendered":"<div class=\"wpb-content-wrapper\"><p>[vc_row][vc_column][vc_column_text]So\u011fuk k\u0131\u015f g\u00fcnlerinde kapal\u0131 alan yarat\u0131r, yaz s\u0131caklar\u0131nda serin bah\u00e7e ve teraslar olu\u015fturman\u0131z\u0131 sa\u011flar. Bu sistem ah\u015fap veya demir fark etmeksizin t\u00fcm alanlara rahatl\u0131kla uygulanabilir. Demonte veya sabit olarak \u00fcretilebilir. K\u0131\u015f bah\u00e7elerinde ithal \u015feffaf mika ve 1100 Dn polyester kullan\u0131lmaktad\u0131r.[\/vc_column_text][vc_gallery interval=&#8221;3&#8243; images=&#8221;127,124,1868,1963,1964,1965,1966,1967,1968,1971,1972&#8243; img_size=&#8221;600&#215;500&#8243;][\/vc_column][\/vc_row]<\/p>\n<\/div>","protected":false},"excerpt":{"rendered":"<p>[vc_row][vc_column][vc_column_text]So\u011fuk k\u0131\u015f g\u00fcnlerinde kapal\u0131 alan yarat\u0131r, yaz s\u0131caklar\u0131nda serin bah\u00e7e ve teraslar olu\u015fturman\u0131z\u0131 sa\u011flar. Bu sistem ah\u015fap veya demir fark<\/p>\n","protected":false},"author":3,"featured_media":124,"parent":0,"menu_order":0,"comment_status":"closed","ping_status":"closed","template":"","meta":{"footnotes":""},"class_list":["post-122","page","type-page","status-publish","has-post-thumbnail","hentry"],"_links":{"self":[{"href":"https:\/\/keskintente.com\/index.php?rest_route=\/wp\/v2\/pages\/122","targetHints":{"allow":["GET"]}}],"collection":[{"href":"https:\/\/keskintente.com\/index.php?rest_route=\/wp\/v2\/pages"}],"about":[{"href":"https:\/\/keskintente.com\/index.php?rest_route=\/wp\/v2\/types\/page"}],"author":[{"embeddable":true,"href":"https:\/\/keskintente.com\/index.php?rest_route=\/wp\/v2\/users\/3"}],"replies":[{"embeddable":true,"href":"https:\/\/keskintente.com\/index.php?rest_route=%2Fwp%2Fv2%2Fcomments&post=122"}],"version-history":[{"count":6,"href":"https:\/\/keskintente.com\/index.php?rest_route=\/wp\/v2\/pages\/122\/revisions"}],"predecessor-version":[{"id":1974,"href":"https:\/\/keskintente.com\/index.php?rest_route=\/wp\/v2\/pages\/122\/revisions\/1974"}],"wp:featuredmedia":[{"embeddable":true,"href":"https:\/\/keskintente.com\/index.php?rest_route=\/wp\/v2\/media\/124"}],"wp:attachment":[{"href":"https:\/\/keskintente.com\/index.php?rest_route=%2Fwp%2Fv2%2Fmedia&parent=122"}],"curies":[{"name":"wp","href":"https:\/\/api.w.org\/{rel}","templated":true}]}}